{"id":9,"date":"2023-10-18T11:27:43","date_gmt":"2023-10-18T11:27:43","guid":{"rendered":"https:\/\/arkeo.bilkent.edu.tr\/?page_id=9"},"modified":"2026-04-30T14:18:50","modified_gmt":"2026-04-30T11:18:50","slug":"home","status":"publish","type":"page","link":"https:\/\/arkeo.bilkent.edu.tr\/","title":{"rendered":"Home"},"content":{"rendered":"\n<h2 class=\"wp-block-heading\"><\/h2>\n\n\n\n<div class=\"wp-block-group is-content-justification-center is-nowrap is-layout-flex wp-container-core-group-is-layout-94bc23d7 wp-block-group-is-layout-flex\">\n<div class=\"wp-block-group is-nowrap is-layout-flex wp-container-core-group-is-layout-ad2f72ca wp-block-group-is-layout-flex\">\n<div style=\"height:100px;width:0px\" aria-hidden=\"true\" class=\"wp-block-spacer wp-container-content-9760934e\"><\/div>\n\n\n\n<figure class=\"wp-block-image size-full is-resized\"><img loading=\"lazy\" decoding=\"async\" width=\"500\" height=\"500\" src=\"https:\/\/arkeo.bilkent.edu.tr\/wp-content\/uploads\/2024\/11\/BilkentUniversitesi-logo.png\" alt=\"\" class=\"wp-image-1151\" style=\"aspect-ratio:1;width:207px;height:auto\" srcset=\"https:\/\/arkeo.bilkent.edu.tr\/wp-content\/uploads\/2024\/11\/BilkentUniversitesi-logo.png 500w, https:\/\/arkeo.bilkent.edu.tr\/wp-content\/uploads\/2024\/11\/BilkentUniversitesi-logo-300x300.png 300w, https:\/\/arkeo.bilkent.edu.tr\/wp-content\/uploads\/2024\/11\/BilkentUniversitesi-logo-150x150.png 150w, https:\/\/arkeo.bilkent.edu.tr\/wp-content\/uploads\/2024\/11\/BilkentUniversitesi-logo-75x75.png 75w\" sizes=\"auto, (max-width: 500px) 100vw, 500px\" \/><\/figure>\n\n\n\n<h1 class=\"wp-block-heading\">Welcome to the Department of Archaeology at Bilkent University<\/h1>\n<\/div>\n<\/div>\n\n\n\n<p><\/p>\n\n\n\n<p>Our Department of Archaeology offers both undergraduate (B.A.) and graduate (M.A.) degrees, providing a comprehensive education in the interdisciplinary archaeology of Anatolia and western Asia.<\/p>\n\n\n\n<p>The department\u2019s core curriculum includes period-specific courses covering the Palaeolithic through Medieval periods, and combines them with specialist classes on archaeological theory, digital humanities, materials studies, fieldwork methodologies, and public archaeology. Our team of specialists, who are all active researchers, help students explore the material remains of the many peoples that have populated and passed through this dynamic geography, providing a stimulating insight into how we continue to learn about and interpret the past.&nbsp;<\/p>\n\n\n\n<p>Students are offered hands-on experience through fieldwork internships and lab-based studies, and our comprehensive approach to archaeology and its complementary disciplines in the humanities, social and natural sciences ensures that our graduates are well prepared for the world of modern archaeological practice.&nbsp;<\/p>\n\n\n\n<p>Small class sizes offer students a warm sense of community, an ideal environment for learning and self-development.&nbsp;<\/p>\n\n\n\n<p>Follow us on social media<\/p>\n\n\n\n<ul class=\"wp-block-social-links is-layout-flex wp-block-social-links-is-layout-flex\"><li class=\"wp-social-link wp-social-link-facebook  wp-block-social-link\"><a href=\"https:\/\/www.facebook.com\/BilkentArchaeology\" class=\"wp-block-social-link-anchor\"><svg width=\"24\" height=\"24\" viewBox=\"0 0 24 24\" version=\"1.1\" xmlns=\"http:\/\/www.w3.org\/2000\/svg\" aria-hidden=\"true\" focusable=\"false\"><path d=\"M12 2C6.5 2 2 6.5 2 12c0 5 3.7 9.1 8.4 9.9v-7H7.9V12h2.5V9.8c0-2.5 1.5-3.9 3.8-3.9 1.1 0 2.2.2 2.2.2v2.5h-1.3c-1.2 0-1.6.8-1.6 1.6V12h2.8l-.4 2.9h-2.3v7C18.3 21.1 22 17 22 12c0-5.5-4.5-10-10-10z\"><\/path><\/svg><span class=\"wp-block-social-link-label screen-reader-text\">Facebook<\/span><\/a><\/li>\n\n<li class=\"wp-social-link wp-social-link-instagram  wp-block-social-link\"><a href=\"https:\/\/www.instagram.com\/arkeobilkent\/\" class=\"wp-block-social-link-anchor\"><svg width=\"24\" height=\"24\" viewBox=\"0 0 24 24\" version=\"1.1\" xmlns=\"http:\/\/www.w3.org\/2000\/svg\" aria-hidden=\"true\" focusable=\"false\"><path d=\"M12,4.622c2.403,0,2.688,0.009,3.637,0.052c0.877,0.04,1.354,0.187,1.671,0.31c0.42,0.163,0.72,0.358,1.035,0.673 c0.315,0.315,0.51,0.615,0.673,1.035c0.123,0.317,0.27,0.794,0.31,1.671c0.043,0.949,0.052,1.234,0.052,3.637 s-0.009,2.688-0.052,3.637c-0.04,0.877-0.187,1.354-0.31,1.671c-0.163,0.42-0.358,0.72-0.673,1.035 c-0.315,0.315-0.615,0.51-1.035,0.673c-0.317,0.123-0.794,0.27-1.671,0.31c-0.949,0.043-1.233,0.052-3.637,0.052 s-2.688-0.009-3.637-0.052c-0.877-0.04-1.354-0.187-1.671-0.31c-0.42-0.163-0.72-0.358-1.035-0.673 c-0.315-0.315-0.51-0.615-0.673-1.035c-0.123-0.317-0.27-0.794-0.31-1.671C4.631,14.688,4.622,14.403,4.622,12 s0.009-2.688,0.052-3.637c0.04-0.877,0.187-1.354,0.31-1.671c0.163-0.42,0.358-0.72,0.673-1.035 c0.315-0.315,0.615-0.51,1.035-0.673c0.317-0.123,0.794-0.27,1.671-0.31C9.312,4.631,9.597,4.622,12,4.622 M12,3 C9.556,3,9.249,3.01,8.289,3.054C7.331,3.098,6.677,3.25,6.105,3.472C5.513,3.702,5.011,4.01,4.511,4.511 c-0.5,0.5-0.808,1.002-1.038,1.594C3.25,6.677,3.098,7.331,3.054,8.289C3.01,9.249,3,9.556,3,12c0,2.444,0.01,2.751,0.054,3.711 c0.044,0.958,0.196,1.612,0.418,2.185c0.23,0.592,0.538,1.094,1.038,1.594c0.5,0.5,1.002,0.808,1.594,1.038 c0.572,0.222,1.227,0.375,2.185,0.418C9.249,20.99,9.556,21,12,21s2.751-0.01,3.711-0.054c0.958-0.044,1.612-0.196,2.185-0.418 c0.592-0.23,1.094-0.538,1.594-1.038c0.5-0.5,0.808-1.002,1.038-1.594c0.222-0.572,0.375-1.227,0.418-2.185 C20.99,14.751,21,14.444,21,12s-0.01-2.751-0.054-3.711c-0.044-0.958-0.196-1.612-0.418-2.185c-0.23-0.592-0.538-1.094-1.038-1.594 c-0.5-0.5-1.002-0.808-1.594-1.038c-0.572-0.222-1.227-0.375-2.185-0.418C14.751,3.01,14.444,3,12,3L12,3z M12,7.378 c-2.552,0-4.622,2.069-4.622,4.622S9.448,16.622,12,16.622s4.622-2.069,4.622-4.622S14.552,7.378,12,7.378z M12,15 c-1.657,0-3-1.343-3-3s1.343-3,3-3s3,1.343,3,3S13.657,15,12,15z M16.804,6.116c-0.596,0-1.08,0.484-1.08,1.08 s0.484,1.08,1.08,1.08c0.596,0,1.08-0.484,1.08-1.08S17.401,6.116,16.804,6.116z\"><\/path><\/svg><span class=\"wp-block-social-link-label screen-reader-text\">Instagram<\/span><\/a><\/li>\n\n<li class=\"wp-social-link wp-social-link-linkedin  wp-block-social-link\"><a href=\"https:\/\/www.linkedin.com\/company\/bilkent-archaeology\" class=\"wp-block-social-link-anchor\"><svg width=\"24\" height=\"24\" viewBox=\"0 0 24 24\" version=\"1.1\" xmlns=\"http:\/\/www.w3.org\/2000\/svg\" aria-hidden=\"true\" focusable=\"false\"><path d=\"M19.7,3H4.3C3.582,3,3,3.582,3,4.3v15.4C3,20.418,3.582,21,4.3,21h15.4c0.718,0,1.3-0.582,1.3-1.3V4.3 C21,3.582,20.418,3,19.7,3z M8.339,18.338H5.667v-8.59h2.672V18.338z M7.004,8.574c-0.857,0-1.549-0.694-1.549-1.548 c0-0.855,0.691-1.548,1.549-1.548c0.854,0,1.547,0.694,1.547,1.548C8.551,7.881,7.858,8.574,7.004,8.574z M18.339,18.338h-2.669 v-4.177c0-0.996-0.017-2.278-1.387-2.278c-1.389,0-1.601,1.086-1.601,2.206v4.249h-2.667v-8.59h2.559v1.174h0.037 c0.356-0.675,1.227-1.387,2.526-1.387c2.703,0,3.203,1.779,3.203,4.092V18.338z\"><\/path><\/svg><span class=\"wp-block-social-link-label screen-reader-text\">LinkedIn<\/span><\/a><\/li>\n\n<li class=\"wp-social-link wp-social-link-twitter  wp-block-social-link\"><a href=\"https:\/\/x.com\/arkeobilkent\" class=\"wp-block-social-link-anchor\"><svg width=\"24\" height=\"24\" viewBox=\"0 0 24 24\" version=\"1.1\" xmlns=\"http:\/\/www.w3.org\/2000\/svg\" aria-hidden=\"true\" focusable=\"false\"><path d=\"M22.23,5.924c-0.736,0.326-1.527,0.547-2.357,0.646c0.847-0.508,1.498-1.312,1.804-2.27 c-0.793,0.47-1.671,0.812-2.606,0.996C18.324,4.498,17.257,4,16.077,4c-2.266,0-4.103,1.837-4.103,4.103 c0,0.322,0.036,0.635,0.106,0.935C8.67,8.867,5.647,7.234,3.623,4.751C3.27,5.357,3.067,6.062,3.067,6.814 c0,1.424,0.724,2.679,1.825,3.415c-0.673-0.021-1.305-0.206-1.859-0.513c0,0.017,0,0.034,0,0.052c0,1.988,1.414,3.647,3.292,4.023 c-0.344,0.094-0.707,0.144-1.081,0.144c-0.264,0-0.521-0.026-0.772-0.074c0.522,1.63,2.038,2.816,3.833,2.85 c-1.404,1.1-3.174,1.756-5.096,1.756c-0.331,0-0.658-0.019-0.979-0.057c1.816,1.164,3.973,1.843,6.29,1.843 c7.547,0,11.675-6.252,11.675-11.675c0-0.178-0.004-0.355-0.012-0.531C20.985,7.47,21.68,6.747,22.23,5.924z\"><\/path><\/svg><span class=\"wp-block-social-link-label screen-reader-text\">Twitter<\/span><\/a><\/li>\n\n<li class=\"wp-social-link wp-social-link-youtube  wp-block-social-link\"><a href=\"https:\/\/www.youtube.com\/@bilkentuniversitydepartmen7939\" class=\"wp-block-social-link-anchor\"><svg width=\"24\" height=\"24\" viewBox=\"0 0 24 24\" version=\"1.1\" xmlns=\"http:\/\/www.w3.org\/2000\/svg\" aria-hidden=\"true\" focusable=\"false\"><path d=\"M21.8,8.001c0,0-0.195-1.378-0.795-1.985c-0.76-0.797-1.613-0.801-2.004-0.847c-2.799-0.202-6.997-0.202-6.997-0.202 h-0.009c0,0-4.198,0-6.997,0.202C4.608,5.216,3.756,5.22,2.995,6.016C2.395,6.623,2.2,8.001,2.2,8.001S2,9.62,2,11.238v1.517 c0,1.618,0.2,3.237,0.2,3.237s0.195,1.378,0.795,1.985c0.761,0.797,1.76,0.771,2.205,0.855c1.6,0.153,6.8,0.201,6.8,0.201 s4.203-0.006,7.001-0.209c0.391-0.047,1.243-0.051,2.004-0.847c0.6-0.607,0.795-1.985,0.795-1.985s0.2-1.618,0.2-3.237v-1.517 C22,9.62,21.8,8.001,21.8,8.001z M9.935,14.594l-0.001-5.62l5.404,2.82L9.935,14.594z\"><\/path><\/svg><span class=\"wp-block-social-link-label screen-reader-text\">YouTube<\/span><\/a><\/li><\/ul>\n\n\n\n<figure class=\"wp-block-gallery has-nested-images columns-default is-cropped wp-block-gallery-1 is-layout-flex wp-block-gallery-is-layout-flex\"><\/figure>\n\n\n\n<h2 class=\"wp-block-heading\"><strong>Bilkent University Archaeology Department Visits the Konya Plain<\/strong><\/h2>\n\n\n\n<div class=\"wp-block-uagb-image uagb-block-d35b312c wp-block-uagb-image--layout-default wp-block-uagb-image--effect-static wp-block-uagb-image--align-none\"><figure class=\"wp-block-uagb-image__figure\"><img decoding=\"async\" srcset=\"https:\/\/arkeo.bilkent.edu.tr\/wp-content\/uploads\/2026\/04\/BAD2026_Elfatunpinar-group-photo-1024x768.jpg ,https:\/\/arkeo.bilkent.edu.tr\/wp-content\/uploads\/2026\/04\/BAD2026_Elfatunpinar-group-photo.jpg 780w, https:\/\/arkeo.bilkent.edu.tr\/wp-content\/uploads\/2026\/04\/BAD2026_Elfatunpinar-group-photo.jpg 360w\" sizes=\"auto, (max-width: 480px) 150px\" src=\"https:\/\/arkeo.bilkent.edu.tr\/wp-content\/uploads\/2026\/04\/BAD2026_Elfatunpinar-group-photo-1024x768.jpg\" alt=\"\" class=\"uag-image-1476\" width=\"636\" height=\"476\" title=\"BAD2026_Elfatunp\u0131nar group photo\" loading=\"lazy\" role=\"img\"\/><\/figure><\/div>\n\n\n\n<p>On the 11th-12th of April 2026, Bilkent University\u2019s Department of Archaeology organised a weekend field trip to major archaeological sites in the Konya region, joined by students, faculty, Rector K\u00fcr\u015fat Aydo\u011fan, and Dean Simon Wigley. <\/p>\n\n\n\n<p>The tour explored the Konya Plain\u2019s globally significant mound sites; beginning with \u00c7atalh\u00f6y\u00fck, a major Neolithic site known for its roof-entry houses, wall art, and figurines, followed by Boncuklu H\u00f6y\u00fck, an earlier village site offering insight into early farming and domestication. Assoc. Prof. Dr Emma Baysal provided expert context on both sites. The group also visited T\u00fcrkmen-Karah\u00f6y\u00fck, a major Bilkent-led excavation co-directed by Assoc. Prof. Dr Michele Massa, which promises new discoveries about Bronze Age and Hittite occupation in the Konya Plain. <\/p>\n\n\n\n<figure class=\"wp-block-image size-large\"><img loading=\"lazy\" decoding=\"async\" width=\"1024\" height=\"768\" src=\"https:\/\/arkeo.bilkent.edu.tr\/wp-content\/uploads\/2026\/04\/BAD2026_Catalhoyuk-group-photo-1024x768.jpg\" alt=\"\" class=\"wp-image-1475\" srcset=\"https:\/\/arkeo.bilkent.edu.tr\/wp-content\/uploads\/2026\/04\/BAD2026_Catalhoyuk-group-photo-1024x768.jpg 1024w, https:\/\/arkeo.bilkent.edu.tr\/wp-content\/uploads\/2026\/04\/BAD2026_Catalhoyuk-group-photo-300x225.jpg 300w, https:\/\/arkeo.bilkent.edu.tr\/wp-content\/uploads\/2026\/04\/BAD2026_Catalhoyuk-group-photo-768x576.jpg 768w, https:\/\/arkeo.bilkent.edu.tr\/wp-content\/uploads\/2026\/04\/BAD2026_Catalhoyuk-group-photo-1536x1152.jpg 1536w, https:\/\/arkeo.bilkent.edu.tr\/wp-content\/uploads\/2026\/04\/BAD2026_Catalhoyuk-group-photo-1080x810.jpg 1080w, https:\/\/arkeo.bilkent.edu.tr\/wp-content\/uploads\/2026\/04\/BAD2026_Catalhoyuk-group-photo.jpg 1600w\" sizes=\"auto, (max-width: 1024px) 100vw, 1024px\" \/><\/figure>\n\n\n\n<p>On the second day, participants explored Kilistra, a late Roman and Byzantine rock-cut settlement, examining its churches, dwellings, and rural adaptation. The final stop was Elfatunp\u0131nar, a Hittite sacred spring monument marking an ancient territorial boundary. Students concluded the trip by performing a Hittite purification ritual, ending an academically rich exploration of Anatolia\u2019s deep past<\/p>\n\n\n\n<figure class=\"wp-block-image size-large\"><img loading=\"lazy\" decoding=\"async\" width=\"1024\" height=\"768\" src=\"https:\/\/arkeo.bilkent.edu.tr\/wp-content\/uploads\/2026\/04\/BAD2026_Kilistra-group-photo-1024x768.jpg\" alt=\"\" class=\"wp-image-1478\" srcset=\"https:\/\/arkeo.bilkent.edu.tr\/wp-content\/uploads\/2026\/04\/BAD2026_Kilistra-group-photo-1024x768.jpg 1024w, https:\/\/arkeo.bilkent.edu.tr\/wp-content\/uploads\/2026\/04\/BAD2026_Kilistra-group-photo-300x225.jpg 300w, https:\/\/arkeo.bilkent.edu.tr\/wp-content\/uploads\/2026\/04\/BAD2026_Kilistra-group-photo-768x576.jpg 768w, https:\/\/arkeo.bilkent.edu.tr\/wp-content\/uploads\/2026\/04\/BAD2026_Kilistra-group-photo-1536x1152.jpg 1536w, https:\/\/arkeo.bilkent.edu.tr\/wp-content\/uploads\/2026\/04\/BAD2026_Kilistra-group-photo-1080x810.jpg 1080w, https:\/\/arkeo.bilkent.edu.tr\/wp-content\/uploads\/2026\/04\/BAD2026_Kilistra-group-photo.jpg 1600w\" sizes=\"auto, (max-width: 1024px) 100vw, 1024px\" \/><\/figure>\n\n\n\n<figure class=\"wp-block-image size-large\"><img loading=\"lazy\" decoding=\"async\" width=\"1024\" height=\"768\" src=\"https:\/\/arkeo.bilkent.edu.tr\/wp-content\/uploads\/2026\/04\/BAD2026_Elfatunpinar-1024x768.jpg\" alt=\"\" class=\"wp-image-1477\" srcset=\"https:\/\/arkeo.bilkent.edu.tr\/wp-content\/uploads\/2026\/04\/BAD2026_Elfatunpinar-1024x768.jpg 1024w, https:\/\/arkeo.bilkent.edu.tr\/wp-content\/uploads\/2026\/04\/BAD2026_Elfatunpinar-300x225.jpg 300w, https:\/\/arkeo.bilkent.edu.tr\/wp-content\/uploads\/2026\/04\/BAD2026_Elfatunpinar-768x576.jpg 768w, https:\/\/arkeo.bilkent.edu.tr\/wp-content\/uploads\/2026\/04\/BAD2026_Elfatunpinar-1536x1152.jpg 1536w, https:\/\/arkeo.bilkent.edu.tr\/wp-content\/uploads\/2026\/04\/BAD2026_Elfatunpinar-1080x810.jpg 1080w, https:\/\/arkeo.bilkent.edu.tr\/wp-content\/uploads\/2026\/04\/BAD2026_Elfatunpinar.jpg 1600w\" sizes=\"auto, (max-width: 1024px) 100vw, 1024px\" \/><\/figure>\n\n\n\n<h2 class=\"wp-block-heading\">New Newsletter<\/h2>\n\n\n\n<div class=\"wp-block-uagb-image uagb-block-bee9e789 wp-block-uagb-image--layout-default wp-block-uagb-image--effect-static wp-block-uagb-image--align-none\"><figure class=\"wp-block-uagb-image__figure\"><a class=\"\" href=\"https:\/\/arkeo.bilkent.edu.tr\/wp-content\/uploads\/2025\/09\/Newsletter-2025.pdf\" target=\"\" rel=\"noopener\"><img decoding=\"async\" srcset=\"https:\/\/arkeo.bilkent.edu.tr\/wp-content\/uploads\/2025\/09\/Newsletter-front-page.png ,https:\/\/arkeo.bilkent.edu.tr\/wp-content\/uploads\/2025\/09\/Newsletter-front-page.png 780w, https:\/\/arkeo.bilkent.edu.tr\/wp-content\/uploads\/2025\/09\/Newsletter-front-page.png 360w\" sizes=\"auto, (max-width: 480px) 150px\" src=\"https:\/\/arkeo.bilkent.edu.tr\/wp-content\/uploads\/2025\/09\/Newsletter-front-page.png\" alt=\"\" class=\"uag-image-1300\" width=\"378\" height=\"521\" title=\"Newsletter front page\" loading=\"lazy\" role=\"img\"\/><\/a><\/figure><\/div>\n\n\n\n<h1 class=\"wp-block-heading\">Newsletter 2023<\/h1>\n\n\n\n<div class=\"wp-block-uagb-image aligncenter uagb-block-f88e4657 wp-block-uagb-image--layout-default wp-block-uagb-image--effect-static wp-block-uagb-image--align-center\"><figure class=\"wp-block-uagb-image__figure\"><a class=\"\" href=\"https:\/\/arkeo.bilkent.edu.tr\/wp-content\/uploads\/2024\/01\/Newsletter_2023.pdf\" target=\"\" rel=\"noopener\"><img decoding=\"async\" srcset=\"https:\/\/arkeo.bilkent.edu.tr\/wp-content\/uploads\/2023\/11\/newsletter_2023-1.jpg ,https:\/\/arkeo.bilkent.edu.tr\/wp-content\/uploads\/2023\/11\/newsletter_2023-1.jpg 780w, https:\/\/arkeo.bilkent.edu.tr\/wp-content\/uploads\/2023\/11\/newsletter_2023-1.jpg 360w\" sizes=\"auto, (max-width: 480px) 150px\" src=\"https:\/\/arkeo.bilkent.edu.tr\/wp-content\/uploads\/2023\/11\/newsletter_2023-1.jpg\" alt=\"\" class=\"uag-image-201\" width=\"359\" height=\"517\" title=\"\" loading=\"lazy\"\/><\/a><\/figure><\/div>\n\n\n\n<h2 class=\"wp-block-heading\">Newsletter 2022<\/h2>\n\n\n\n<div class=\"wp-block-uagb-image uagb-block-cf3dd2c6 wp-block-uagb-image--layout-default wp-block-uagb-image--effect-static wp-block-uagb-image--align-none\"><figure class=\"wp-block-uagb-image__figure\"><a class=\"\" href=\"https:\/\/arkeo.bilkent.edu.tr\/wp-content\/uploads\/2024\/02\/hart_2022_newsletter_latest.pdf\" target=\"\" rel=\"noopener\"><img decoding=\"async\" srcset=\"https:\/\/arkeo.bilkent.edu.tr\/wp-content\/uploads\/2024\/02\/hart_2022_newsletter_latest-724x1024.jpg ,https:\/\/arkeo.bilkent.edu.tr\/wp-content\/uploads\/2024\/02\/hart_2022_newsletter_latest-scaled.jpg 780w, https:\/\/arkeo.bilkent.edu.tr\/wp-content\/uploads\/2024\/02\/hart_2022_newsletter_latest-scaled.jpg 360w\" sizes=\"auto, (max-width: 480px) 150px\" src=\"https:\/\/arkeo.bilkent.edu.tr\/wp-content\/uploads\/2024\/02\/hart_2022_newsletter_latest-724x1024.jpg\" alt=\"\" class=\"uag-image-853\" width=\"359\" height=\"517\" title=\"\" loading=\"lazy\" role=\"img\"\/><\/a><\/figure><\/div>\n\n\n\n<hr class=\"wp-block-separator has-alpha-channel-opacity\"\/>\n\n\n\n<h2 class=\"wp-block-heading\">Newsletter 2021<\/h2>\n\n\n\n<div class=\"wp-block-uagb-image aligncenter uagb-block-f88e4657 wp-block-uagb-image--layout-default wp-block-uagb-image--effect-static wp-block-uagb-image--align-center\"><figure class=\"wp-block-uagb-image__figure\"><a class=\"\" href=\"https:\/\/arkeo.bilkent.edu.tr\/wp-content\/uploads\/2024\/01\/Newsletter_2021.pdf\" target=\"\" rel=\"noopener\"><img decoding=\"async\" srcset=\"https:\/\/arkeo.bilkent.edu.tr\/wp-content\/uploads\/2024\/01\/Newsletter_2021-scaled.jpg ,https:\/\/arkeo.bilkent.edu.tr\/wp-content\/uploads\/2024\/01\/Newsletter_2021-scaled.jpg 780w, https:\/\/arkeo.bilkent.edu.tr\/wp-content\/uploads\/2024\/01\/Newsletter_2021-scaled.jpg 360w\" sizes=\"auto, (max-width: 480px) 150px\" src=\"https:\/\/arkeo.bilkent.edu.tr\/wp-content\/uploads\/2024\/01\/Newsletter_2021-scaled.jpg\" alt=\"\" class=\"uag-image-201\" width=\"359\" height=\"517\" title=\"\" loading=\"lazy\"\/><\/a><\/figure><\/div>\n","protected":false},"excerpt":{"rendered":"<p>Welcome to the Department of Archaeology at Bilkent University Our Department of Archaeology offers both undergraduate (B.A.) and graduate (M.A.) degrees, providing a comprehensive education in the interdisciplinary archaeology of Anatolia and western Asia. The department\u2019s core curriculum includes period-specific courses covering the Palaeolithic through Medieval periods, and combines them with specialist classes on archaeological &hellip; <a href=\"https:\/\/arkeo.bilkent.edu.tr\/\" class=\"more-link\">Continue reading <span class=\"screen-reader-text\">Home<\/span><\/a><\/p>\n","protected":false},"author":1,"featured_media":0,"parent":0,"menu_order":0,"comment_status":"closed","ping_status":"closed","template":"","meta":{"_uag_custom_page_level_css":"","footnotes":""},"tags":[],"class_list":["post-9","page","type-page","status-publish","hentry","no-featured-image"],"jetpack_sharing_enabled":true,"uagb_featured_image_src":{"full":false,"thumbnail":false,"medium":false,"medium_large":false,"large":false,"1536x1536":false,"2048x2048":false,"ixion-featured-content":false,"ixion-featured-image":false,"ixion-avatar":false},"uagb_author_info":{"display_name":"arkeoadm","author_link":"https:\/\/arkeo.bilkent.edu.tr\/?author=1"},"uagb_comment_info":0,"uagb_excerpt":"Welcome to the Department of Archaeology at Bilkent University Our Department of Archaeology offers both undergraduate (B.A.) and graduate (M.A.) degrees, providing a comprehensive education in the interdisciplinary archaeology of Anatolia and western Asia. The department\u2019s core curriculum includes period-specific courses covering the Palaeolithic through Medieval periods, and combines them with specialist classes on archaeological&hellip;","_links":{"self":[{"href":"https:\/\/arkeo.bilkent.edu.tr\/index.php?rest_route=\/wp\/v2\/pages\/9","targetHints":{"allow":["GET"]}}],"collection":[{"href":"https:\/\/arkeo.bilkent.edu.tr\/index.php?rest_route=\/wp\/v2\/pages"}],"about":[{"href":"https:\/\/arkeo.bilkent.edu.tr\/index.php?rest_route=\/wp\/v2\/types\/page"}],"author":[{"embeddable":true,"href":"https:\/\/arkeo.bilkent.edu.tr\/index.php?rest_route=\/wp\/v2\/users\/1"}],"replies":[{"embeddable":true,"href":"https:\/\/arkeo.bilkent.edu.tr\/index.php?rest_route=%2Fwp%2Fv2%2Fcomments&post=9"}],"version-history":[{"count":53,"href":"https:\/\/arkeo.bilkent.edu.tr\/index.php?rest_route=\/wp\/v2\/pages\/9\/revisions"}],"predecessor-version":[{"id":1481,"href":"https:\/\/arkeo.bilkent.edu.tr\/index.php?rest_route=\/wp\/v2\/pages\/9\/revisions\/1481"}],"wp:attachment":[{"href":"https:\/\/arkeo.bilkent.edu.tr\/index.php?rest_route=%2Fwp%2Fv2%2Fmedia&parent=9"}],"wp:term":[{"taxonomy":"post_tag","embeddable":true,"href":"https:\/\/arkeo.bilkent.edu.tr\/index.php?rest_route=%2Fwp%2Fv2%2Ftags&post=9"}],"curies":[{"name":"wp","href":"https:\/\/api.w.org\/{rel}","templated":true}]}}