{"id":383,"date":"2023-11-28T11:43:40","date_gmt":"2023-11-28T11:43:40","guid":{"rendered":"https:\/\/arkeo.bilkent.edu.tr\/?page_id=383"},"modified":"2024-10-09T07:42:33","modified_gmt":"2024-10-09T07:42:33","slug":"michele-massa","status":"publish","type":"page","link":"https:\/\/arkeo.bilkent.edu.tr\/?page_id=383","title":{"rendered":"Michele Massa"},"content":{"rendered":"\n<div class=\"wp-block-uagb-image alignright uagb-block-be9a906c wp-block-uagb-image--layout-default wp-block-uagb-image--effect-static wp-block-uagb-image--align-right\"><figure class=\"wp-block-uagb-image__figure\"><img decoding=\"async\" srcset=\"https:\/\/arkeo.bilkent.edu.tr\/wp-content\/uploads\/2023\/11\/michele.jpg ,https:\/\/arkeo.bilkent.edu.tr\/wp-content\/uploads\/2023\/11\/michele.jpg 780w, https:\/\/arkeo.bilkent.edu.tr\/wp-content\/uploads\/2023\/11\/michele.jpg 360w\" sizes=\"auto, (max-width: 480px) 150px\" src=\"https:\/\/arkeo.bilkent.edu.tr\/wp-content\/uploads\/2023\/11\/michele.jpg\" alt=\"\" class=\"uag-image-347\" width=\"204\" height=\"566\" title=\"\" loading=\"lazy\" role=\"img\"\/><\/figure><\/div>\n\n\n\n<p>Michele Massa holds a PhD degree from University College London (2016) and an MSc in GIS and Spatial Analysis from the same university (2008). Before joining Bilkent\u2019s Archaeology Department, he was a postdoctoral fellow at the Institute for the Study of Ancient Cultures at Chicago University (2020-2022). A Near Eastern archaeologist, his academic interests include theoretical approaches to social complexity (urbanism, conflict, labour specialization), landscape archaeology, digital archaeology, remote sensing analysis and archaeometallurgy. A common thread to Michele\u2019s academic work is his interest in making past societies relevant to the present, something that he has pursued through collaboration with public archaeologists, cultural heritage managers and social anthropologists across several projects. Between 2017 and 2022 he was the co-director of&nbsp;<a href=\"http:\/\/www.krasp.net\/en\/\">KRASP (Konya Regional Archaeological Survey Project)<\/a>, an interdisciplinary program that investigated the dynamic relation between nature and society in south-central Anatolia across the Holocene (9500 BCE-present). He is currently the co-director of the T\u00fcrkmen-Karah\u00f6y\u00fck Archaeological Project, an interdisciplinary research programme dedicated to investigating a major Bronze, Iron Age and Hellenistic centre in the Konya Plain.<\/p>\n\n\n\n<h4 class=\"wp-block-heading\">Recent publications<\/h4>\n\n\n\n<p>\u015eahin F. and M. Massa (2024). Mass-Hunting in Southwest Asia at the Dawn of Sedentism \u2013 New Evidence from \u015eanl\u0131urfa, Southeast T\u00fcrkiye, <a href=\"https:\/\/doi.org\/10.15184\/aqy.2024.155\">Antiquity<\/a>.<\/p>\n\n\n\n<p>Creamer P., Alperstein J., Massa M., Osborne J., and J. Casana (2024). Magnetic Gradiometry Survey at the Urban Center of T\u00fcrkmen-Karah\u00f6y\u00fck (Turkey), <a href=\"https:\/\/doi.org\/10.1002\/arp.1955\">Archaeological Prospection<\/a>.<\/p>\n\n\n\n<p>Massa M., Osborne J. (2024). Peak Sanctuaries and Sacred Mountains in Anatolia during the Iron Age. <a href=\"https:\/\/doi.org\/10.1086\/727315\">American Journal of Archaeology<\/a> 128(1): 33-58.<\/p>\n\n\n\n<h4 class=\"wp-block-heading\">Research Interests<\/h4>\n\n\n\n<p>Near Eastern and eastern Mediterranean pre-, proto- and early historical archaeology; Landscape &amp; Environmental archaeology; Digital archaeology; Archaeological approaches to social complexity; Funerary archaeology; Survey methodology<\/p>\n\n\n\n<p>CV is available <a href=\"https:\/\/arkeo.bilkent.edu.tr\/wp-content\/uploads\/2024\/10\/MicheleMassa_CV_2024_AssocProf.pdf\">here<\/a><\/p>\n","protected":false},"excerpt":{"rendered":"<p>Michele Massa holds a PhD degree from University College London (2016) and an MSc in GIS and Spatial Analysis from the same university (2008). Before joining Bilkent\u2019s Archaeology Department, he was a postdoctoral fellow at the Institute for the Study of Ancient Cultures at Chicago University (2020-2022). A Near Eastern archaeologist, his academic interests include &hellip; <a href=\"https:\/\/arkeo.bilkent.edu.tr\/?page_id=383\" class=\"more-link\">Continue reading <span class=\"screen-reader-text\">Michele Massa<\/span><\/a><\/p>\n","protected":false},"author":1,"featured_media":0,"parent":170,"menu_order":0,"comment_status":"closed","ping_status":"closed","template":"templates\/full-width-page.php","meta":{"_uag_custom_page_level_css":"","footnotes":""},"tags":[],"class_list":["post-383","page","type-page","status-publish","hentry","no-featured-image"],"jetpack_sharing_enabled":true,"uagb_featured_image_src":{"full":false,"thumbnail":false,"medium":false,"medium_large":false,"large":false,"1536x1536":false,"2048x2048":false,"ixion-featured-content":false,"ixion-featured-image":false,"ixion-avatar":false},"uagb_author_info":{"display_name":"arkeoadm","author_link":"https:\/\/arkeo.bilkent.edu.tr\/?author=1"},"uagb_comment_info":0,"uagb_excerpt":"Michele Massa holds a PhD degree from University College London (2016) and an MSc in GIS and Spatial Analysis from the same university (2008). Before joining Bilkent\u2019s Archaeology Department, he was a postdoctoral fellow at the Institute for the Study of Ancient Cultures at Chicago University (2020-2022). A Near Eastern archaeologist, his academic interests include&hellip;","_links":{"self":[{"href":"https:\/\/arkeo.bilkent.edu.tr\/index.php?rest_route=\/wp\/v2\/pages\/383","targetHints":{"allow":["GET"]}}],"collection":[{"href":"https:\/\/arkeo.bilkent.edu.tr\/index.php?rest_route=\/wp\/v2\/pages"}],"about":[{"href":"https:\/\/arkeo.bilkent.edu.tr\/index.php?rest_route=\/wp\/v2\/types\/page"}],"author":[{"embeddable":true,"href":"https:\/\/arkeo.bilkent.edu.tr\/index.php?rest_route=\/wp\/v2\/users\/1"}],"replies":[{"embeddable":true,"href":"https:\/\/arkeo.bilkent.edu.tr\/index.php?rest_route=%2Fwp%2Fv2%2Fcomments&post=383"}],"version-history":[{"count":7,"href":"https:\/\/arkeo.bilkent.edu.tr\/index.php?rest_route=\/wp\/v2\/pages\/383\/revisions"}],"predecessor-version":[{"id":1091,"href":"https:\/\/arkeo.bilkent.edu.tr\/index.php?rest_route=\/wp\/v2\/pages\/383\/revisions\/1091"}],"up":[{"embeddable":true,"href":"https:\/\/arkeo.bilkent.edu.tr\/index.php?rest_route=\/wp\/v2\/pages\/170"}],"wp:attachment":[{"href":"https:\/\/arkeo.bilkent.edu.tr\/index.php?rest_route=%2Fwp%2Fv2%2Fmedia&parent=383"}],"wp:term":[{"taxonomy":"post_tag","embeddable":true,"href":"https:\/\/arkeo.bilkent.edu.tr\/index.php?rest_route=%2Fwp%2Fv2%2Ftags&post=383"}],"curies":[{"name":"wp","href":"https:\/\/api.w.org\/{rel}","templated":true}]}}